est common factor of 11173082 and 3937?
31
What is the highest common factor of 16779 and 5444151?
141
Calculate the highest common divisor of 26 and 65998595.
13
What is the greatest common divisor of 9834 and 2287746?
894
What is the highest common divisor of 180 and 267212475?
45
Calculate the greatest common factor of 41064558 and 60210.
1338
Calculate the greatest common divisor of 1088 and 210485024.
544
What is the highest common divisor of 1078676 and 26660?
124
What is the greatest common factor of 12485377 and 2966?
1483
What is the highest common factor of 222661532 and 228?
76
What is the greatest common factor of 149256 and 1609578?
54
Calculate the greatest common factor of 1968 and 123703232.
656
What is the highest common factor of 2362497 and 58803?
3459
Calculate the greatest common factor of 1062 and 28173680.
118
Calculate the greatest common factor of 7854 and 145740.
42
What is the greatest common factor of 5226 and 1276424370?
5226
Calculate the greatest common factor of 4056 and 195744.
24
Calculate the highest common factor of 25429830 and 31290.
4470
What is the highest common divisor of 5152 and 1006504?
8
What is the greatest common factor of 100335585 and 735?
735
Calculate the greatest common factor of 121 and 41030583.
11
What is the greatest common divisor of 144 and 13681884?
12
Calculate the greatest common divisor of 2 and 98379046.
2
What is the highest common factor of 4246533 and 297?
27
What is the highest common divisor of 1187265 and 2280?
15
Calculate the highest common divisor of 3956277 and 8723.
793
Calculate the highest common factor of 1982 and 541545824.
1982
What is the greatest common factor of 5000 and 18560?
40
What is the greatest common divisor of 1127718 and 2932471?
2021
What is the greatest common factor of 213381 and 38637767?
7903
What is the greatest common divisor of 14 and 832823649?
7
What is the greatest common divisor of 727331 and 17960868?
6011
Calculate the highest common divisor of 203 and 12966973.
29
Calculate the highest common factor of 26378186 and 30362.
1598
Calculate the highest common factor of 91792 and 33392.
16
What is the greatest common factor of 15655 and 273455278?
3131
Calculate the greatest common divisor of 32800 and 528840.
40
What is the greatest common factor of 15114720 and 60?
60
Calculate the highest common divisor of 75 and 9319953.
3
Calculate the highest common divisor of 4432 and 53874284.
1108
What is the greatest common factor of 618602 and 2893871?
4237
What is the greatest common factor of 216522551 and 35?
7
Calculate the highest common divisor of 105 and 378743835.
15
Calculate the highest common divisor of 51187521 and 1491.
1491
What is the highest common factor of 442 and 183508?
26
Calculate the highest common divisor of 21488026 and 184.
46
Calculate the greatest common divisor of 1587 and 834187.
23
Calculate the highest common factor of 1102 and 41154306.
58
What is the greatest common divisor of 1278 and 14454?
18
What is the highest common divisor of 152371 and 7939?
17
Calculate the highest common divisor of 698687976 and 2226.
2226
What is the greatest common factor of 38560241 and 3856?
241
Calculate the highest common divisor of 609 and 13972287.
609
Calculate the greatest common divisor of 18195 and 469995.
15
What is the greatest common factor of 1990 and 10049990?
10
Calculate the greatest common divisor of 53523929 and 596.
149
Calculate the highest common factor of 215717658 and 1326.
1326
What is the highest common divisor of 90828 and 123888?
348
What is the highest common divisor of 39561736 and 81491?
4289
What is the greatest common divisor of 8808 and 4388586?
2202
What is the highest common factor of 128 and 2322496?
64
Calculate the greatest common factor of 1713360 and 25488.
2832
What is the highest common factor of 395324732 and 2244?
748
Calculate the greatest common factor of 2744 and 26794474.
686
What is the greatest common divisor of 10227137 and 157?
157
What is the greatest common factor of 87806000 and 50?
50
What is the greatest common factor of 952 and 37336964?
476
What is the greatest common factor of 73125 and 1260675?
2925
Calculate the highest common factor of 749 and 3785018.
107
What is the greatest common divisor of 611 and 8049899?
13
What is the greatest common divisor of 319 and 844063?
11
Calculate the highest common factor of 6762 and 5014.
46
What is the greatest common factor of 1275 and 92595?
15
What is the greatest common divisor of 98828546 and 2?
2
What is the highest common divisor of 7530 and 27345?
15
Calculate the greatest common factor of 17098290 and 24.
6
What is the highest common divisor of 272197 and 1596951?
929
Calculate the greatest common divisor of 792 and 40437408.
264
Calculate the highest common factor of 5060112 and 2586072.
9336
What is the highest common divisor of 44 and 31548121?
11
Calculate the greatest common divisor of 44 and 15268814.
22
What is the highest common divisor of 80877 and 2?
1
What is the greatest common factor of 296 and 986207028?
148
What is the highest common factor of 3505 and 32110?
5
What is the highest common factor of 116 and 6750800?
4
What is the greatest common factor of 201720 and 37023?
123
Calculate the highest common divisor of 1595859 and 6141.
267
Calculate the greatest common factor of 2635 and 5853265.
155
What is the highest common divisor of 645242 and 14420770?
7774
What is the highest common factor of 47932802 and 13939?
263
Calculate the highest common factor of 5140 and 16013156.
1028
Calculate the greatest common factor of 92345631 and 469.
469
Calculate the highest common divisor of 24 and 805712.
8
What is the highest common factor of 4816 and 313691966?
602
Calculate the highest common factor of 13851 and 3498471.
729
Calculate the highest common factor of 25626 and 126904223.
4271
What is the highest common factor of 139305 and 14566785?
3765
Calculate the highest common divisor of 29876 and 2077152.
308
Calculate the greatest common divisor of 9955402 and 7719.
31
Calculate the highest common factor of 109621886 and 242.
242
Calculate the highest common divisor of 454148051 and 133.
133
What is the greatest common factor of 1305414 and 31350?
1254
What is the greatest common factor of 66508260 and 2240?
140
What is the greatest common divisor of 6 and 103970532?
6
Calculate the greatest common factor of 5867292 and 5781.
141
Calculate the highest common divisor of 2822209 and 2384.
149
Calculate the greatest common factor of 772559 and 972287.
1387
What is the greatest common factor of 36 and 174391008?
12
What is the highest common divisor of 336015 and 4192?
131
Calculate the greatest common factor of 570261 and 1732.
433
Calculate the greatest common divisor of 24967994 and 4314.
1438
Calculate the highest common divisor of 3521 and 55986.
7
What is the highest common factor of 342486 and 1740732?
318
What is the greatest common divisor of 223 and 3563317?
223
What is the highest common divisor of 29424 and 1611577?
613
What is the greatest common divisor of 235460428 and 56?
28
Calculate the highest common divisor of 23 and 29349817.
23
Calculate the greatest common factor of 3885 and 23802840.
555
What is the greatest common factor of 233 and 41688360?
233
What is the highest common factor of 5352928 and 62192?
368
Calculate the highest common divisor of 165715 and 2695715.
1265
Calculate the highest common factor of 1936428 and 60.
12
What is the greatest common factor of 8489112 and 2436?
348
Calculate the greatest common divisor of 12890 and 33120.
10
Calculate the greatest common divisor of 25056 and 235062.
54
Calculate the greatest common divisor of 16081422 and 153.
51
What is the highest common divisor of 424 and 13906?
2
Calculate the highest common divisor of 1290 and 3256390.
430
What is the greatest common factor of 583 and 18254588?
11
What is the greatest common divisor of 15921 and 412380?
261
What is the greatest common factor of 27892 and 9244?
4
What is the greatest common divisor of 5148135 and 12815?
1165
What is the greatest common factor of 195 and 12460929?
39
What is the highest common divisor of 11339085 and 70755?
795
Calculate the greatest common factor of 1844104 and 1137992